
Let t(i) = i**3 - 35*i**2 - 59*i - 60. Suppose 0 = -56*w - 584 + 2656. What are the prime factors of t(w)?
3, 5, 11
Let s(a) = 6*a - 1 + 21 + 7*a**2 + 3*a + a**3. Let t be s(-6). List the prime factors of (36/48)/(0 - t/(-32)).
2, 3
Let d be 1*-4 - (-19 - -6). Let b(h) = -17*h**3 + 12*h**3 + d*h**2 - 12*h**2 - 2*h. List the prime factors of b(-1).
2
Suppose -x = -6*x + 4*x. Suppose -t + 5*d + 297 = x, -d = -5*t + 10*t - 1615. What are the prime factors of t?
2, 7, 23
Let n = 338 + -44. Let m = n + 469. List the prime factors of m.
7, 109
Let i = 125 + -123. List the prime factors of (-2928)/(-8)*(i - 1).
2, 3, 61
Suppose 26 - 2 = -8*y. Let b be 809/2 - ((-5)/2 - y). Suppose 0 = -i + 12 - 8, -4*i = -5*l + b. What are the prime factors of l?
2, 3, 7
Let q(c) be the third derivative of c**4/4 + 47*c**3/2 - 97*c**2. What are the prime factors of q(13)?
3, 73
Suppose -3 = -c + 4*u, -4*u + 52 = 4*c - 0*u. Suppose 3862 = c*d - 6115. List the prime factors of d.
907
Suppose 30*q - 2*q = -14*q + 500388. What are the prime factors of q?
2, 7, 23, 37
Let s(l) = 11*l**3 + 49*l**2 - 36*l - 1. Let h(c) = 3*c**3 + 12*c**2 - 9*c. Let g(a) = -15*h(a) + 4*s(a). Let x = 50 + -35. List the prime factors of g(x).
2, 43
What are the prime factors of 27*(-351 + -8)*(-4)/4?
3, 359
Let x(k) = k**3 + k**2 + 5*k + 6. Let z be x(3). Let t = -54 + z. Suppose 4*h - 86 = 5*p + 25, -t*p + 83 = 2*h. List the prime factors of h.
2, 17
What are the prime factors of (7 + -4 - -3) + 39490 + -36?
2, 5, 1973
Let h(g) = -1112*g**2 + 32*g - 26. Let i(c) = -371*c**2 + 11*c - 9. Let k(z) = -6*h(z) + 17*i(z). What are the prime factors of k(1)?
3, 11
Let p = 5299 + -5097. What are the prime factors of p?
2, 101
Let r = 355 - 351. Suppose 202 = r*u - 4*j - 834, 518 = 2*u + j. List the prime factors of u.
7, 37
Let s(v) = 123*v + 2 + 54 - 30. What are the prime factors of s(6)?
2, 191
Suppose 13*m - 111 = 10*m. Let w = 101 + m. Suppose 4*h - w = -10. What are the prime factors of h?
2
Suppose 2*j = 7*j - 5*q + 5, 3*q = 9. Let b = -889 + 984. Suppose -5*k + 292 = j*n, -21 = -n + 5*k + b. What are the prime factors of n?
2, 17
List the prime factors of (-91)/(-364) - (3/(-4))/(3/4387).
1097
List the prime factors of ((-10)/4)/5*(-1731197 - 1)/21.
47, 877
Let l = 18 + -66. Let o = l + 75. Suppose -31*i = -o*i - 104. What are the prime factors of i?
2, 13
List the prime factors of (-4754)/(-9)*(-288)/(-64).
2377
Let p(k) = -15*k - 4. Let u be p(0). Let o(v) be the second derivative of v**4/3 + 5*v**3/6 + 6*v**2 + 4*v. List the prime factors of o(u).
2, 7
Let u be (-30)/20*56/(-3). Suppose 2*b + 5*k = -b + 25, 3*b - u = -2*k. Suppose 0 = -b*p + 1592 - 312. What are the prime factors of p?
2
Let k = -22427 - -51702. What are the prime factors of k?
5, 1171
Let m(l) = l**3 - 42*l**2 + 357*l - 53. What are the prime factors of m(44)?
3, 23, 283
Suppose o = 3*y - 5, 3*y = -5*o + 2 + 9. Let w be 1*(1 - y - -1). Suppose -c + 2*u + 65 = -w*u, -c - 4*u + 89 = 0. List the prime factors of c.
73
Suppose 5*j + 76 = 2*x, 207 = 5*x + 3*j + 17. Let y(t) = 3*t**3 - 39*t - 2*t**3 + 6*t**2 + x*t. What are the prime factors of y(-4)?
2, 3
What are the prime factors of -6*119/(-102) - -63276?
11, 523
Let o(z) = z**3 - 7*z**2 + 7*z - 11. Let s(p) = -p**2 - 18*p - 32. Let w be s(-16). Suppose t + w*t = 7. What are the prime factors of o(t)?
2, 19
Let m(b) = 93*b - 7. Let z(w) = -141*w + 11. Let i(p) = -8*m(p) - 5*z(p). List the prime factors of i(-9).
2, 11
Let z = -395 - -392. List the prime factors of (z - -1)*6*872/(-12).
2, 109
List the prime factors of (-14721542)/(-1254) + (-1 - (-4)/6)*-1.
2, 5, 587
Let w(u) = -9*u - 258. Let d be w(-29). Suppose 3*f - 159 = -h, 374 = 3*h - d*f - 151. What are the prime factors of h?
3, 19
Suppose -4*p + 34885 = p - 5*x, 0 = -2*x. List the prime factors of p.
6977
Let k(i) = -i**3 + i**2 + 66*i + 23. List the prime factors of k(-23).
23, 487
Suppose 800 = 7*k + k. Let n be 248/10 + (-8)/(-40). Suppose -w + k + n = 0. What are the prime factors of w?
5
Suppose -123121 = -5*c - 4*t, 5*c = -35*t + 39*t + 123129. What are the prime factors of c?
5, 197
Let k(p) = -2169*p + 966. List the prime factors of k(-6).
2, 3, 5, 233
Let a = -81489 - -51574. Let b = a - -42155. List the prime factors of b/130 + (-2)/13.
2, 47
Let c(i) = i**2 - 6*i + 27. Let h be c(3). Let u = h - -22. Suppose -167 - u = -3*o. List the prime factors of o.
3, 23
Let v(x) be the second derivative of 229*x**3/6 + 3*x**2 + 4*x - 21. List the prime factors of v(2).
2, 29
Suppose i - 4*n = 9, 2*i = -3*i - 3*n - 1. Let u(z) = 9*z**2 + 5 + z**2 + 4*z - 2 - i. What are the prime factors of u(-3)?
2, 5
Let v(d) = -98*d - 14. Let p be v(-1). Suppose 81*k = p*k - 561. What are the prime factors of k?
11, 17
Suppose 10*l - 32 = 2*l. Suppose l*m = 5*k + 269, 11*m + 259 = 15*m + 5*k. List the prime factors of m.
2, 3, 11
Suppose -4*b - 3*k = -11, 5*k + 20 = b - 0*k. What are the prime factors of (444/b)/((-10)/(-25))?
2, 3, 37
Let f(k) = 115*k + 4242. What are the prime factors of f(34)?
2, 1019
Let x = -20 + 22. Let z = -15 + 18. Suppose 3*m + 4*d - 468 + 157 = 0, z*d + 213 = x*m. List the prime factors of m.
3, 5, 7
Let z = 346 + 99. Suppose 4*c - z - 913 = 3*l, -2*l - 904 = -2*c. List the prime factors of l/(-24) - (-6)/(-8).
2, 3
Suppose 16*r - 31164 = 70948. Suppose 6*x - r + 844 = 0. List the prime factors of x.
13, 71
Suppose -20*g + 1261 = -65699. What are the prime factors of g?
2, 3, 31
Suppose -227 = 6*w + 145. Let p = w + 62. Suppose -2*r - 224 = -2*z, 2*z - r + p*r = 219. What are the prime factors of z?
107
Suppose -5*u = 9*r - 151442, -3*r - u - u = -50483. List the prime factors of r.
16823
Let i be 259/35 + 12/(-30). Suppose i*b - 2286 = 2852. What are the prime factors of b?
2, 367
Let y = 2419 - 1048. Suppose 3*w - 2*w = -5*r + 2285, 0 = -3*r - w + y. List the prime factors of r.
457
Suppose 9*l - 3*b + 4293 = 14*l, 3*b - 3435 = -4*l. List the prime factors of 4/1 + l/13.
2, 5, 7
Let p be 0/(4 - (5 + 1)). Suppose -3*h - 3*q = h - 4835, 4*h - q - 4847 = p. List the prime factors of h.
7, 173
Let l(p) = 7*p**3 + 10*p**2 + 8*p - 7. List the prime factors of l(5).
2, 3, 193
Suppose 19*k = 5*m + 25*k - 308636, k = -5*m + 308606. What are the prime factors of m?
2, 5, 1543
What are the prime factors of 1/((300/(-48))/25) - -2278?
2, 3, 379
Let d be (-66 + -27)/(1 - 2). What are the prime factors of d + (4 - 4 - -4)?
97
Let b(c) = -c**3 - 7*c**2 + 17*c + 7. Let v be b(-9). List the prime factors of (-22)/((v/12)/((-172)/6)).
11, 43
Let b = 440 - 414. List the prime factors of 8/(-52) - (-8792)/b.
2, 13
Suppose 3*z + 28 = 4*j - 133, 84 = -2*z - 2*j. Let p = z + 41. What are the prime factors of p/(-4) + (-846)/(-12)?
2, 3
Let x = 8 + -3. Let y(f) = 3*f**2 - 15*f - 38. Let d be y(7). Suppose d*p - 261 = z, -4*p + 264 = z - x*z. List the prime factors of p.
5, 13
Let r be ((-130)/(-195))/(-2 - (-8)/6). List the prime factors of (334 - r)/((-24)/(-48)).
2, 5, 67
Suppose 0 = 4*t - s - 14, 5*t - 2*t + 2*s - 16 = 0. Suppose 5*l = 2*w + 4*l - 13, 0 = t*w - 3*l - 29. Suppose -2336 = -3*x - w*x. List the prime factors of x.
2, 73
Let v be -86*(3 + ((-26)/4 - -1)). Let l = 456 - v. List the prime factors of l.
241
Suppose 3920 - 1145 = a. What are the prime factors of a?
3, 5, 37
Suppose 0 = -222*j + 309*j - 640929. List the prime factors of j.
53, 139
Suppose -1140447 = -130*z + 628245 - 174502. What are the prime factors of z?
12263
Let u be (-2 - -3)/(29/13456). Let y = -208 + u. List the prime factors of y.
2
Suppose 5 = -3*d + 4*d, -5*f + 50 = 5*d. Suppose q - 5*w + 292 = 3*q, 5*w = -f*q + 700. List the prime factors of q.
2, 17
What are the prime factors of -1*(-49255)/13 + (-424)/(-2756)?
3, 421
Suppose -112*j + 57*j + 5470416 = 377*j. What are the prime factors of j?
3, 7, 67
Suppose -50*m + 183*m + 74464 = 3780642. List the prime factors of m.
2, 13933
Let v = 4516 - 2021. What are the prime factors of v?
5, 499
Suppose 0 = -3*b + 2*s + 12 - 0, b - 3*s = -3. Let g(i) = -i + 7*i - 1 + 5*i - i**2 + 4. List the prime factors of g(b).
3, 11
Let l be 35/28 - (-402)/24. What are the prime factors of (l - -198)*(-4)/(-2)?
2, 3
List the prime factors of 18/(-90) + (-1 - 51916/(-5)).
2, 29, 179
Let v be 4/(-1)*(-2